emainder when l is divided by (-6)/4 + 44/d?
3
Let d be (-12)/(-2) + -3 - 0. Calculate the remainder when (3/5)/(d/195) is divided by 10.
9
Calculate the remainder when ((-16)/(-10))/((-1)/(-20)) is divided by (-2 + (20 - 1))/(1/1).
15
Let v(k) = -k**2 - 7*k - 6. Let f be v(-5). Suppose -a + 50 = f*a. Suppose -6 = -r - 0. What is the remainder when a is divided by r?
4
Let z(w) = 2*w**2 + 6*w - 6. Calculate the remainder when 40 is divided by z(-5).
12
Let p(j) = -5*j**3 + 1. Let n be p(-1). Suppose 10*y = 9*y + n. What is the remainder when (-50)/(-6) - 4/(-6) is divided by y?
3
Suppose -39 = -4*o + 7*o. Let r = -8 - o. Suppose -3*l + 4*y = -0*l - 2, 0 = 5*y - 5. What is the remainder when r is divided by l?
1
Let q be (6/5)/((-3)/(-225)). Let k be 4/2*q/12. Suppose -3*n + x - 3*x = -k, -3*x = 2*n - 15. What is the remainder when n is divided by 2?
1
Suppose -n = 3*i - 1, 2*i = -2*n + n. Let a be (2 - i)*(0 + 3). Suppose -t = -2*q - a, 2*t + 3*q = -0*t + 20. Calculate the remainder when t is divided by 2.
1
Suppose -3*p + 169 = 64. What is the remainder when 137 is divided by p?
32
Let v(x) = 5*x + 7. Suppose 0 = 2*t - 3*t + 11. What is the remainder when v(5) is divided by t?
10
Let j(l) = l**3 - 4*l**2 - l - 1. Suppose 3*w + 5 = 4*b, 2*b = -3*b + 5*w. Calculate the remainder when 56 is divided by j(b).
18
Suppose -3*a = -6*a - 33. Let s = -7 - a. Calculate the remainder when s is divided by 3.
1
Suppose 5*c - 25 = 3*x, 5 = -3*x - 0*x - 5*c. Let r = x + 28. What is the remainder when r is divided by 13?
10
Suppose 6*o - 39 = -27. What is the remainder when 23 is divided by o?
1
Suppose -4*s + 272 - 116 = 0. What is the remainder when s is divided by 10?
9
Let k(j) = j + 4. Let x be 6*(2 + (-9)/6). Calculate the remainder when 18 is divided by k(x).
4
What is the remainder when 62 is divided by (-3)/6 - 54/(-4)?
10
Let t = 19 + -18. Calculate the remainder when (t/3)/(1/57) is divided by 10.
9
Suppose 5*h - 45 = -5*l, -1 = 4*l - 2*h - 13. Suppose 3*j - 45 = -5*g + 7*j, l*g - 35 = 2*j. What is the remainder when 27 is divided by g?
2
Let y = 1 + 15. Suppose 20 = 4*q, 349 = 3*g - 2*q + 71. Let r = g + -66. Calculate the remainder when r is divided by y.
14
Suppose -21 = -4*c + 3. Let f be (-2)/(-4) + 21/c. Suppose -3*j + 4 = 3*x - 26, 5*j - f*x - 41 = 0. Calculate the remainder when 16 is divided by j.
7
Suppose 5*b - 3*l = 62, -4*b + 2*l + 50 = -0*l. Let j(q) = -13*q - 16. What is the remainder when j(-5) is divided by b?
10
Suppose 5*q = -4*d + 40, 0*d + 3*d = 0. Let o = 3 - -9. Let p = o + 9. Calculate the remainder when p is divided by q.
5
Let o be 158/4*2/(-1). Let w = o + 125. Let g = 37 + -21. Calculate the remainder when w is divided by g.
14
Suppose 44*u = 39*u + 1280. What is the remainder when u is divided by 52?
48
Suppose 5*q - 3*q - 16 = 0. Suppose -q = 2*n - 38. Calculate the remainder when 27 is divided by n.
12
Suppose 0 = 3*b - 4*b + a + 6, -33 = -3*b - 2*a. Calculate the remainder when 44 is divided by b.
8
Let p(d) = 37*d**2 - 6*d - 12. What is the remainder when p(-2) is divided by 25?
23
Let h(i) = i**2 + 3*i + 5. Let k(y) = 3*y**2 - 1. Let r(t) = -t**3 - 5*t**2 - 5*t - 5. Let z be r(-4). What is the remainder when h(-2) is divided by k(z)?
1
Suppose -4*l = -0*l - 24. Suppose v + 245 = l*v. What is the remainder when v is divided by 13?
10
Suppose 39 = y - 3. Suppose -5*s + 5*l = -35, -s = 2*s + 4*l - y. What is the remainder when 28 is divided by s?
8
Let y(j) = -130 + 123 + j**3 - 6*j**2 - 2*j**3. Calculate the remainder when y(-7) is divided by 22.
20
Suppose 4*y + 3*k = -2, 3*k = 3*y + 2*k + 8. Let x be 2/2 - (-15 - y). Calculate the remainder when 88/x - 2/7 is divided by 3.
0
Let z(y) = y - 2. Let k be z(-5). Let u(q) = q**3 + 8*q**2 + 6*q - 9. Let l be u(k). Calculate the remainder when (l/(-4))/((-2)/(-44)) is divided by 4.
3
What is the remainder when (-12)/18*(-42)/2 is divided by 4?
2
Let s(o) = -o**3 - 14*o**2 + 14*o + 3. What is the remainder when s(-15) is divided by 6?
0
Let n(t) = -t**2 - 22*t + 56. What is the remainder when n(-23) is divided by 12?
9
Let p(x) = -10*x + 16. Calculate the remainder when p(-3) is divided by 13.
7
Let m = -52 - -57. Calculate the remainder when 8 is divided by m.
3
Suppose -3*h + 11 = z, 4 = 2*z - 5*h + 26. Let u be (-2 - z)/((-4)/68). Calculate the remainder when 49 is divided by (u - -2) + 2 + -4.
15
Let z(m) = m**3 + 11*m**2 + 18*m + 8. Calculate the remainder when 141 is divided by z(-9).
5
Let f = 126 + -76. Let w(u) = -2*u + 7. Calculate the remainder when f is divided by w(-5).
16
Suppose 7 = 3*g - 56. Suppose 5*x + 4*f = 56, 5*x - f = -0*x + 61. What is the remainder when g is divided by x?
9
Suppose -4*t + 48 = -t - 2*r, 0 = 4*r. Calculate the remainder when 62 is divided by t.
14
Let b = 87 + -55. Suppose -3*p - p + b = 0. What is the remainder when 23 is divided by p?
7
Let o(u) = -u**2 - 8*u - 5. Let r be o(-7). Suppose -r = -5*p + 48. Calculate the remainder when 38 is divided by p.
8
Let o(f) be the third derivative of f**6/120 - f**5/20 - f**4/6 + f**3/3 + f**2. What is the remainder when o(4) is divided by 1?
0
What is the remainder when 3*((-20)/3)/((-14)/21) is divided by (1 - 0)*(2 + 9)?
8
Let b = 60 - 55. What is the remainder when b is divided by 4?
1
Let i(j) = 5*j**3 - 2*j**2 + 4*j - 3. Calculate the remainder when i(2) is divided by 10.
7
Let z(f) = 2*f**2 + 3*f + 20. What is the remainder when z(-6) is divided by 40?
34
Suppose -4*g - 2*a + 8516 = 0, 0 = 2*g - a - 0*a - 4254. What is the remainder when 2/9 - g/(-63) is divided by 18?
16
Let v = 8 + -5. Calculate the remainder when v is divided by 1.
0
Suppose -6*x + 3*x - 2*o = -52, o - 5 = 0. What is the remainder when 47 is divided by x?
5
Suppose -3*a + a = 2. Let k = a + 7. What is the remainder when 23 is divided by k?
5
Let w = 31 + -8. Calculate the remainder when w is divided by 13.
10
Suppose -b + 14 = -2*k, 3*b - 10 + 4 = -3*k. Let a(o) = 4*o**2 + 1 - 2*o - 2 - 2. What is the remainder when a(-2) is divided by b?
5
Let t(h) = -8*h**3 - 2*h**2 - 1. What is the remainder when t(-2) is divided by 19?
17
Suppose 5*n - 3*a - 1 = 5, 0 = 5*n + 2*a - 21. Suppose 4*x + n*k = 3*x, -5*x = k - 42. What is the remainder when x is divided by 6?
3
Suppose 0 = 2*q, 2 = -3*d + 2*q + 8. Let p(r) = 2*r**2 - 4*r + 3. Calculate the remainder when d - (1 + -6 + 3) is divided by p(2).
1
Let p be (-12)/42 - (-30)/7. Let w be (-8)/(-20) - p/10. Calculate the remainder when 31 is divided by w/2 + (-22)/(-2).
9
Suppose 0*b + 52 = 4*b. Suppose -5*x = -x + 444. Let c = -74 - x. Calculate the remainder when c is divided by b.
11
Suppose 9*j = 13*j - 36. Calculate the remainder when 24 is divided by j.
6
Let v(h) = 5*h**2 - 2*h - 2. Let t be ((-1)/2)/(3/624). What is the remainder when (t/10 - -2)*-5 is divided by v(-2)?
20
Suppose -116 = -2*g - 2*g + 4*t, 0 = 5*g - t - 157. Calculate the remainder when g is divided by 9.
5
Suppose -3*p + p + 38 = 0. Let k(w) = 1 + 0*w - 3*w - 6. Calculate the remainder when p is divided by k(-4).
5
Suppose u - 5*q + 3 = 0, -q + 3 = -0*u + u. Suppose 7*o = 4*p + u*o - 303, -p + 102 = 4*o. Let m = p + -38. Calculate the remainder when m is divided by 15.
14
Let k = -1 + -1. Let a(r) = -13 + 4*r**2 + 24 - 10. Calculate the remainder when 50 is divided by a(k).
16
Let m(y) be the third derivative of -y**5/60 - 3*y**4/8 + y**3/2 + 2*y**2. Calculate the remainder when m(-7) is divided by 2/8 + 23/4.
5
Let x = -163 - -179. Let m(s) = s**3 + 9*s**2 + 7*s - 4. Calculate the remainder when m(-6) is divided by x.
14
Let n be 88/9 + 14/63. What is the remainder when 706/18 + n/(-45) is divided by 21?
18
Suppose -269 = -6*v - 41. What is the remainder when v is divided by 21?
17
Suppose -2*q + 4*w = -86, 5*q + 4*w + 19 - 290 = 0. Calculate the remainder when q is divided by 14.
9
Suppose -8*y + 37*y - 609 = 0. Let v(s) = s**3 + s + 6. What is the remainder when y is divided by v(0)?
3
What is the remainder when ((-6)/(-12) + (-10)/(-4))*5 is divided by 4?
3
Let t = 6 - 7. What is the remainder when t*(-53 + 0/3) is divided by 18?
17
Calculate the remainder when (-522)/(-8) - 1/4 is divided by 17.
14
Let z = -22 - -37. Suppose -g = -4*o + 3, -5 = -3*g + 2*o + 3*o. Suppose 5*s + f = 221, -3*s + 4